ainder when l is divided by a.
31
What is the remainder when (-3)/(13/(-2990)*6) is divided by 3?
1
Let f = -19665 - -19785. What is the remainder when f is divided by 118?
2
Suppose -3*a = -4*d - 92, a - d - 137 + 108 = 0. What is the remainder when 2949 is divided by a?
21
Let v be 3 - 100 - (4 - (1 - -5)). Let m = v + 258. Suppose 3*c = -0*c + 99. What is the remainder when m is divided by c?
31
What is the remainder when (-20 + 354/15)*535 is divided by 4?
2
Suppose -l + 0*l + 49 = 5*d, 4*l - 43 = -3*d. Let v(c) = 11*c - 37. Suppose 3*f - 26 + 2 = 0. Calculate the remainder when v(f) is divided by d.
6
Let r = 541 - 327. Suppose 7*n - 465 = r. What is the remainder when n is divided by 49?
48
Calculate the remainder when 2 - -740 - 406/58 is divided by 8.
7
Suppose -5*t = -4*l + 41, -l + 12 = -4*t + t. What is the remainder when 38 is divided by l?
2
Suppose -127*v = -133*v + 444. Calculate the remainder when 290 is divided by v.
68
Suppose -151 = -3*y + g, 6*y + 4*g = y + 263. Let n = y - 22. Suppose -4*t + 3*c + 534 = 217, 3*c = 15. Calculate the remainder when t is divided by n.
25
Suppose -158 = -2*n - 4*s, -665*s + 666*s - 252 = -3*n. What is the remainder when 1101 is divided by n?
81
Suppose -2*g = -56*b + 53*b - 116, -b = 4*g - 162. Let t(w) = w**2 - 4*w + 9. What is the remainder when g is divided by t(6)?
1
Let w(g) = -8*g - 75. Let s be w(-6). Calculate the remainder when 1428/5 - s/(-45) is divided by 22.
21
Suppose 5*t - 29 = 2*u, t = u - 6 + 13. Suppose -2*v + 15 + 7 = m, 2*m + t*v = 42. Calculate the remainder when 51 is divided by m.
25
Suppose 0 = 2*v, p - 4439 = -4*v - 378. What is the remainder when p is divided by 32?
29
Suppose 0 = -62*x + 1259 + 1035. What is the remainder when 8434 is divided by x?
35
Suppose -3*d + 27 = 3. What is the remainder when (191/(-5) + 1)/(132/(-330)) is divided by d?
5
Let i = 1971 - 1801. Calculate the remainder when i is divided by 19.
18
Suppose -4*l = -v - 50 - 62, -5*l + 503 = -4*v. Let g = 13 - 3. What is the remainder when 72/10*(-11)/(v/45) is divided by g?
7
Let n = 2 + 20. Let j(y) = 25 - 2*y - 10 - y**2 - 8. Calculate the remainder when n is divided by j(-3).
2
Let o = -1935 - -2414. What is the remainder when o is divided by 6?
5
Let m = -3991 - -3999. What is the remainder when 1230 is divided by m?
6
Suppose -3*b - 3 = 0, -5*k + 10*k = 5*b + 475. Suppose 51982 = 41*h - 27*h. What is the remainder when k is divided by 1*(-2)/(-12) - h/(-474)?
6
Suppose -157*x = -152*x - 130. Let m = 21 - 10. What is the remainder when x is divided by m?
4
Suppose 836 = -9*c - 469. Calculate the remainder when c*((-1)/(-2))/((-140)/112) is divided by 12.
10
Let f be (-739)/(-2) + 7 + (-9)/2. Suppose 209*b - 203*b = f. Calculate the remainder when b is divided by 17.
11
Suppose 3*c = 2*c + 33. Let z(i) = -c*i**2 + 2 - i + 31*i**2 + 0*i**3 - 1 - i**3. What is the remainder when 17 is divided by z(-2)?
2
Let b = 10 + 84. Let s = -209 + 210. Let v = 48 + s. What is the remainder when b is divided by v?
45
Let u = 101 + -95. Suppose 32 = 2*w + n, u*n - 2*n = 16. Calculate the remainder when w is divided by 7.
0
Let w = 54 + 115. Calculate the remainder when w is divided by 158.
11
Let r = -12876 - -12875. Let p(m) = -m**2 + m + 2. Let q be p(0). What is the remainder when 18 is divided by (r - 0)/(q/(-22))?
7
Suppose 5*t + 9 = 2*y, 0 = 5*y + t - 9. Let x be (12/(-4) + 4)*y. Suppose -v + 9 = a, -x*v + v + 5*a = -9. Calculate the remainder when 34 is divided by v.
7
Let h = 4035 + -3695. What is the remainder when h is divided by 53?
22
Let r(y) = 3*y + 71. Let o be r(-25). Let v be (-4)/(-10)*10 + o. Suppose 3 = z - 1, v = 5*h + 4*z - 186. What is the remainder when 133 is divided by h?
31
Let i = -33 - -29. What is the remainder when 4*16 - (4 + -8) is divided by ((-24)/i)/((-12)/(-20))?
8
Suppose -145 = -5*n - 2*z, -7*z - 175 = -5*n - 3*z. Calculate the remainder when 152 is divided by n.
28
Let s(q) = q + 5. Let u be s(-2). Suppose -2*i = -u - 3. Suppose -4*g - t = -78, -i*g + 51 = 4*t - 1. Calculate the remainder when 58 is divided by g.
18
Let l be 15/(-9) + (-40)/(-6). Suppose -4*x + 28 = 2*n, x = -2*x + l*n + 21. What is the remainder when 31 is divided by x?
3
Let n = -253 - -254. Let t(f) = 257*f**2 + 5*f - 3. Calculate the remainder when t(n) is divided by 22.
17
Suppose 59*h + 23*h = 10*h + 36720. Calculate the remainder when h is divided by 73.
72
Let w(c) = -3*c**3 - 8*c**2 - 10*c - 1. Let q be w(-4). Suppose 0 = 4*s + s - 2*z - q, 4*z = 3*s - 73. Calculate the remainder when 55 is divided by s.
17
Let g(w) = -5*w + 101. What is the remainder when 166 is divided by g(13)?
22
Let t(y) = -y**3 - 27*y**2 - 44*y + 178. What is the remainder when 911 is divided by t(-25)?
15
Calculate the remainder when (352/(-330)*3)/((-4)/10) is divided by 4.
0
Let d be ((-12)/(-9)*1)/(2/90). Let g be (-14)/4*d/(-70). Suppose -2*a + 4*c = -g*a + 32, -5*a + 3*c + 206 = 0. Calculate the remainder when a is divided by 25.
15
Suppose -5*n = -4*c + 5, c + 2*n + 4 = -2*n. Suppose -9*h + 7*h + 46 = c. Calculate the remainder when 124 is divided by h.
9
Suppose -3*m - 63*m = 51*m - 21411. What is the remainder when 551 is divided by m?
2
What is the remainder when 2013 is divided by (5/((-600)/(-160)))/(1/((-6)/(-4)))?
1
Let b = 442 - -41. Let l = 15446 + -15392. Calculate the remainder when b is divided by l.
51
Let g be -2 + 5/(-40) + (-1193)/(-8). Let u = g + -8. Calculate the remainder when u is divided by 10.
9
Let r = -3549 + 13212. What is the remainder when r is divided by 27?
24
Let h = 17686 + -17675. Let f(n) = 26*n + 2. Let w be f(3). Let s = w - 41. Calculate the remainder when s is divided by h.
6
Suppose 2*c - 3*q - 139 = 0, 4*c + 74 = -2*q + 328. Let j(i) = -i**3 - 4*i**2 - 4*i - 23. Calculate the remainder when c is divided by j(-5).
21
Let w(y) = 236*y + 1882. What is the remainder when w(18) is divided by 21?
19
Let q = 16 - 26. Let m(t) be the third derivative of -t**6/120 - 2*t**5/15 + 5*t**4/12 + t**3 + t**2 - 86. Calculate the remainder when m(q) is divided by 18.
16
Suppose -3 - 5 = c. Let j be ((-4)/(-6))/(1 + (-14)/15). Let v = j + c. What is the remainder when 4 is divided by v?
0
Let s be -3 + 4 - -3*16 - 1. Suppose -b - 5*c = -s, -b + 7*c - 2*c = -58. What is the remainder when b is divided by 28?
25
Let h(z) = 17*z - 83. Let o be h(5). Suppose -2*b + 126 = 2*f + 12, 0 = -o*b - f + 114. Calculate the remainder when 73 is divided by b.
16
Let l(z) = -z**3 + 44*z**2 - 50*z + 13. Let b be l(43). Calculate the remainder when 202 is divided by (-4)/(b/(-153) - 2).
32
Suppose 3*w + 4*o - 89 = 0, 2*w + 3*o - 16 = 44. Let y = -337 + 353. What is the remainder when w is divided by y?
11
Let g = -81 + 315. Suppose -64 = 10*w - g. Calculate the remainder when 82 is divided by w.
14
Let v(z) = -10*z + 5. Suppose 46*p = 50*p - 12. Suppose -p*h = 5*y - 92, 0 = -5*y + 2*h + 66 + 6. Calculate the remainder when v(-4) is divided by y.
13
Let o be (-52)/(-8) - (-1)/(-2). What is the remainder when 6429/33 - o - 2/(-11) is divided by 48?
45
Let n = -76 + 106. Suppose 0*t - n = -5*w + 3*t, 4*w - 24 = 5*t. What is the remainder when (1862/114)/((-4)/w + 1) is divided by 28?
21
Let c(h) = -5*h**3 - 24*h**2 - 35*h - 151. Calculate the remainder when 104 is divided by c(-5).
6
Suppose 0*m - 2*m + 10 = 0. Suppose 0 = -2*t + 48*f - 44*f + 42, 3*t - 31 = -2*f. Let g = m + t. Calculate the remainder when 71 is divided by g.
17
Let d be (12/6)/(1/(-4)). Let w be d/10 + 1396/(-5). Calculate the remainder when 69 is divided by (w/(-12))/(4/6).
34
Let q be -6 - 3132/(-63) - 2/(-7). Suppose -34*m = -32*m - q. Suppose 8*w - m*w + 42 = 0. What is the remainder when w is divided by 3?
0
Let w(c) = 3*c**2 + 129*c + 755. Calculate the remainder when w(-6) is divided by 15.
14
Let c(m) = -m**2 - 2*m + 7. Let z = -43 + 43. Let r be c(z). Suppose 3*f + r*f = 1140. Calculate the remainder when f is divided by 39.
36
Let s be -115*-1*6/5. Let r = 1250 + -1105. Let u = r - s. Calculate the remainder when 26 is divided by u.
5
Let d = -6 + 16. What is the remainder when 662/22 - (-1)/(-11) - 2 is divided by d?
8
Let l(m) = 3*m**3 - m**2 + 653*m - 3283. What is the remainder when l(5) is divided by 48?
44
Let y(o) = o**2 - o +